6.
15
Calculate the remainder when 24924560 is divided by 1246228.
0
What is the remainder when 30293 is divided by 14980?
333
What is the remainder when 87320 is divided by 21535?
1180
Calculate the remainder when 1281446 is divided by 2643.
2234
Calculate the remainder when 1003406 is divided by 83609.
98
What is the remainder when 51007777 is divided by 47?
40
Calculate the remainder when 27386 is divided by 27202.
184
Calculate the remainder when 48991802 is divided by 151.
3
Calculate the remainder when 1266353 is divided by 316557.
125
Calculate the remainder when 1646642 is divided by 256.
50
What is the remainder when 30080532 is divided by 10026832?
36
Calculate the remainder when 250445 is divided by 945.
20
Calculate the remainder when 126049 is divided by 125264.
785
Calculate the remainder when 9686648 is divided by 5596.
5568
Calculate the remainder when 17699021 is divided by 1804.
1781
Calculate the remainder when 127586002 is divided by 31.
15
Calculate the remainder when 25737578 is divided by 12868788.
2
What is the remainder when 35266966 is divided by 36?
34
What is the remainder when 41314979 is divided by 5902139?
6
Calculate the remainder when 625609 is divided by 78107.
753
Calculate the remainder when 486087 is divided by 616.
63
What is the remainder when 1765224 is divided by 11768?
24
Calculate the remainder when 95250 is divided by 2721.
15
What is the remainder when 350234 is divided by 445?
19
Calculate the remainder when 1746088 is divided by 436299.
892
Calculate the remainder when 79824 is divided by 1992.
144
What is the remainder when 816048 is divided by 25501?
16
What is the remainder when 11588929 is divided by 223?
65
Calculate the remainder when 2132 is divided by 711.
710
Calculate the remainder when 37170700 is divided by 13.
8
Calculate the remainder when 2477306 is divided by 1261.
702
Calculate the remainder when 88226 is divided by 43342.
1542
Calculate the remainder when 3902258 is divided by 1180.
1178
What is the remainder when 63809 is divided by 2124?
89
What is the remainder when 9359928 is divided by 1245?
18
What is the remainder when 240655 is divided by 396?
283
What is the remainder when 83336 is divided by 27720?
176
Calculate the remainder when 70162 is divided by 34419.
1324
What is the remainder when 129887 is divided by 42?
23
Calculate the remainder when 205757 is divided by 34231.
371
Calculate the remainder when 268445 is divided by 3129.
2480
Calculate the remainder when 27761533 is divided by 704.
701
Calculate the remainder when 3850355 is divided by 770040.
155
What is the remainder when 8322729 is divided by 210?
9
Calculate the remainder when 676898 is divided by 6.
2
What is the remainder when 85397522 is divided by 112?
98
Calculate the remainder when 24752726 is divided by 238.
12
Calculate the remainder when 17615226 is divided by 28.
6
What is the remainder when 13625997 is divided by 1500?
1497
What is the remainder when 70683345 is divided by 124?
121
Calculate the remainder when 59490498 is divided by 14872614.
42
What is the remainder when 201724 is divided by 16803?
88
Calculate the remainder when 4021003 is divided by 4005.
3988
What is the remainder when 92980 is divided by 1471?
307
Calculate the remainder when 3032 is divided by 1.
0
What is the remainder when 15021 is divided by 192?
45
What is the remainder when 20989 is divided by 734?
437
What is the remainder when 151813 is divided by 30357?
28
What is the remainder when 466310 is divided by 155362?
224
Calculate the remainder when 80195 is divided by 1857.
344
Calculate the remainder when 11614416 is divided by 458.
452
Calculate the remainder when 4060152 is divided by 1564.
8
What is the remainder when 4106 is divided by 1824?
458
What is the remainder when 98092 is divided by 122?
4
Calculate the remainder when 94873 is divided by 103.
10
Calculate the remainder when 71191 is divided by 561.
505
Calculate the remainder when 44238711 is divided by 197.
194
Calculate the remainder when 2475545 is divided by 20.
5
Calculate the remainder when 20213 is divided by 9708.
797
What is the remainder when 31296 is divided by 3218?
2334
Calculate the remainder when 1686667 is divided by 619.
511
Calculate the remainder when 70006 is divided by 927.
481
What is the remainder when 1714726962 is divided by 1207?
1205
Calculate the remainder when 177417 is divided by 292.
173
What is the remainder when 3249761 is divided by 3095?
11
What is the remainder when 255910 is divided by 6921?
6754
Calculate the remainder when 276853 is divided by 55296.
373
Calculate the remainder when 233751 is divided by 1601.
5
Calculate the remainder when 608932 is divided by 510.
502
What is the remainder when 10305 is divided by 3983?
2339
What is the remainder when 153585845 is divided by 4834?
4831
What is the remainder when 125199071 is divided by 12?
11
Calculate the remainder when 169081 is divided by 11019.
3796
What is the remainder when 14506227 is divided by 183623?
10
Calculate the remainder when 138094 is divided by 69046.
2
What is the remainder when 18371 is divided by 1688?
1491
Calculate the remainder when 120847 is divided by 39999.
850
Calculate the remainder when 8188 is divided by 6232.
1956
Calculate the remainder when 544312 is divided by 77460.
2092
What is the remainder when 42330292 is divided by 5291283?
28
Calculate the remainder when 502322 is divided by 38636.
54
Calculate the remainder when 1414000 is divided by 152.
96
What is the remainder when 439016 is divided by 9?
5
Calculate the remainder when 277001 is divided by 515.
446
Calculate the remainder when 6135587 is divided by 27889.
7
What is the remainder when 24575 is divided by 1556?
1235
What is the remainder when 55128 is divided by 1323?
885
Calculate the remainder when 46166 is divided by 9231.
11
Calculate the remainder when 417366 is divided by 3629.
31
What is the remainder when 18152088 is divided by 24?
0
What is the remainder when 86963574 is divided by 203?
201
Calculate the remainder when 37824311 is divided by 675434.
7
What is the remainder when 73640 is divided by 2538?
38
Calculate the remainder when 3810 is divided by 872.
322
What is the remainder when 14777889 is divided by 1762?
1757
What is the remainder when 233167 is divided by 2809?
20
What is the remainder when 19319782 is divided by 12?
10
Calculate the remainder when 209400 is divided by 4490.
2860
Calculate the remainder when 10419 is divided by 311.
156
What is the remainder when 9012 is divided by 4202?
608
What is the remainder when 25999 is divided by 25981?
18
Calculate the remainder when 4678653 is divided by 16650.
3
Calculate the remainder when 1167812 is divided by 17.
14
Calculate the remainder when 61234246 is divided by 402.
400
Calculate the remainder when 26438 is divided by 1722.
608
What is the remainder when 25654966 is divided by 2102?
56
Calculate the remainder when 310096 is divided by 36.
28
What is the remainder when 1448175 is divided by 144765?
525
Calculate the remainder when 2384520 is divided by 103672.
64
What is the remainder when 37185 is divided by 624?
369
Calculate the remainder when 5400009 is divided by 5625.
9
What is the remainder when 2766279 is divided by 227?
57
What is the remainder when 35685823 is divided by 8523?
22
Calculate the remainder when 66260 is divided by 527.
385
Calculate the remainder when 700778 is divided by 4048.
474
Calculate the remainder when 11583 is divided by 7885.
3698
What is the remainder when 653552 is divided by 43570?
2
What is the remainder when 190586 is divided by 95287?
12
Calculate the remainder when 144871 is divided by 7222.
431
What is the remainder when 743955 is divided by 20?
15
What is the remainder when 770353 is divided by 2594?
2529
Calculate the remainder when 559123 is divided by 5587.
423
Calculate the remainder when 2037697 is divided by 1607.
21
Calculate the remainder when 65774 is divided by 7301.
65
Calculate the remainder when 39520401 is divided by 37.
35
Calculate the remainder when 142670 is divided by 919.
225
What is the remainder when 3274899 is divided by 527?
121
Calculate the remainder when 1835035 is divided by 1835026.
9
Calculate the remainder when 219768 is 